he millions digit of 3334068?
3
What is the hundreds digit of 873609?
6
What is the millions digit of 4558351?
4
What is the units digit of 17017348?
8
What is the units digit of 32946?
6
What is the units digit of 20251?
1
What is the tens digit of 12688306?
0
What is the units digit of 215200?
0
What is the ten thousands digit of 160539?
6
What is the units digit of 3952441?
1
What is the millions digit of 4159309?
4
What is the hundreds digit of 9044243?
2
What is the thousands digit of 29392233?
2
What is the hundreds digit of 185682?
6
What is the tens digit of 179825?
2
What is the thousands digit of 8307826?
7
What is the ten thousands digit of 10450005?
5
What is the millions digit of 8654098?
8
What is the units digit of 51252?
2
What is the tens digit of 696369?
6
What is the units digit of 36957832?
2
What is the tens digit of 3757250?
5
What is the hundred thousands digit of 13430286?
4
What is the hundreds digit of 4324593?
5
What is the units digit of 146476?
6
What is the ten thousands digit of 4833417?
3
What is the tens digit of 297916?
1
What is the millions digit of 12770122?
2
What is the millions digit of 12020484?
2
What is the hundred thousands digit of 1482973?
4
What is the thousands digit of 13921785?
1
What is the ten thousands digit of 103472?
0
What is the tens digit of 761657?
5
What is the hundred thousands digit of 1758278?
7
What is the units digit of 210179?
9
What is the hundred thousands digit of 2716870?
7
What is the hundreds digit of 10177765?
7
What is the units digit of 7706?
6
What is the hundreds digit of 442555?
5
What is the units digit of 13004400?
0
What is the units digit of 469789?
9
What is the ten millions digit of 28794831?
2
What is the ten thousands digit of 5012196?
1
What is the hundreds digit of 1937873?
8
What is the tens digit of 12591676?
7
What is the hundred thousands digit of 217414?
2
What is the tens digit of 6078456?
5
What is the units digit of 2768464?
4
What is the hundred thousands digit of 18596669?
5
What is the thousands digit of 1436519?
6
What is the units digit of 209503?
3
What is the ten thousands digit of 4541632?
4
What is the ten thousands digit of 53735?
5
What is the hundreds digit of 367095?
0
What is the millions digit of 1557047?
1
What is the ten thousands digit of 490030?
9
What is the tens digit of 116541?
4
What is the ten thousands digit of 16946846?
4
What is the hundreds digit of 3290663?
6
What is the tens digit of 248530?
3
What is the tens digit of 218473?
7
What is the tens digit of 2863195?
9
What is the tens digit of 383329?
2
What is the hundreds digit of 19497272?
2
What is the hundreds digit of 1491691?
6
What is the ten thousands digit of 7985718?
8
What is the thousands digit of 225885?
5
What is the thousands digit of 1047798?
7
What is the tens digit of 1359169?
6
What is the millions digit of 7578823?
7
What is the ten thousands digit of 26799171?
9
What is the hundred thousands digit of 2883208?
8
What is the tens digit of 923761?
6
What is the hundreds digit of 449665?
6
What is the thousands digit of 621795?
1
What is the units digit of 1972617?
7
What is the tens digit of 13948585?
8
What is the ten thousands digit of 171865?
7
What is the units digit of 2486688?
8
What is the thousands digit of 139849?
9
What is the hundred thousands digit of 307015?
3
What is the thousands digit of 6157831?
7
What is the hundreds digit of 106139?
1
What is the thousands digit of 700501?
0
What is the tens digit of 12946?
4
What is the tens digit of 556727?
2
What is the tens digit of 7895126?
2
What is the hundred thousands digit of 217804?
2
What is the hundred thousands digit of 458027?
4
What is the hundreds digit of 1252673?
6
What is the hundred thousands digit of 738769?
7
What is the units digit of 10122626?
6
What is the millions digit of 1269193?
1
What is the hundreds digit of 19578?
5
What is the hundred thousands digit of 1029092?
0
What is the hundreds digit of 49762?
7
What is the hundreds digit of 76173?
1
What is the units digit of 6221561?
1
What is the ten thousands digit of 6366259?
6
What is the thousands digit of 387907?
7
What is the hundred thousands digit of 897202?
8
What is the tens digit of 58357?
5
What is the tens digit of 7717052?
5
What is the hundred thousands digit of 20715619?
7
What is the millions digit of 19837879?
9
What is the ten thousands digit of 23532?
2
What is the tens digit of 214981?
8
What is the hundreds digit of 1747461?
4
What is the ten thousands digit of 3694696?
9
What is the thousands digit of 5701756?
1
What is the ten thousands digit of 3568361?
6
What is the millions digit of 1006636?
1
What is the millions digit of 14104903?
4
What is the thousands digit of 58740?
8
What is the ten thousands digit of 341513?
4
What is the thousands digit of 2759642?
9
What is the hundreds digit of 11836103?
1
What is the ten thousands digit of 32276?
3
What is the units digit of 12249?
9
What is the tens digit of 190299?
9
What is the units digit of 102159?
9
What is the thousands digit of 2104811?
4
What is the hundred thousands digit of 829738?
8
What is the hundred thousands digit of 452587?
4
What is the ten thousands digit of 4252694?
5
What is the hundreds digit of 393907?
9
What is the hundred thousands digit of 2595526?
5
What is the hundred thousands digit of 29389989?
3
What is the thousands digit of 9272548?
2
What is the tens digit of 1477432?
3
What is the units digit of 887171?
1
What is the hundreds digit of 9351499?
4
What is the thousands digit of 8457264?
7
What is the thousands digit of 1124146?
4
What is the tens digit of 1373414?
1
What is the ten thousands digit of 774139?
7
What is the tens digit of 269734?
3
What is the tens digit of 414731?
3
What is the units digit of 1499439?
9
What is the ten millions digit of 18396517?
1
What is the tens digit of 2506172?
7
What is the millions digit of 7119705?
7
What is the thousands digit of 872974?
2
What is the tens digit of 107625?
2
What is the units digit of 27062?
2
What is the units digit of 1107421?
1
What is the hundred thousands digit of 5103420?
1
What is the tens digit of 4283449?
4
What is the hundred thousands digit of 14051854?
0
What is the units digit of 16097403?
3
What is the ten thousands digit of 251842?
5
What is the hundred thousands digit of 10657778?
6
What is the ten thousands digit of 1851034?
5
What is the hundred thousands digit of 537442?
5
What is the hundreds digit of 1298385?
3
What is the millions digit of 35276751?
5
What is the ten thousands digit of 4557519?
5
What is the ten thousands digit of 10205504?
0
What is the hundred thousands digit of 9485523?
4
What is the thousands digit of 328207?
8
What is the ten thousands digit of 352900?
5
What is the thousands digit of 3315610?
5
What is the ten thousands digit of 429965?
2
What is the thousands digit of 340803?
0
What is the hundred thousands digit of 246082?
2
What is the ten thousands digit of 756635?
5
What is the tens digit of 33448?
4
What is the hundred thousands digit of 3424040?
4
What is the ten thousands digit of 367463?
6
What is the ten thousands digit of 41283?
4
What is the hundred thousands digit of 605157?
6
What is the hundred thousands digit of 464366?
4
What is the units digit of 14502466?
6
What is the thousands digit of 5869177?
9
What is the hundreds digit of 1081521?
5
What is the thousands digit of 65217?
5
What is the hundred thousands digit of 1237493?
2
What is the ten thousands digit of 3246360?
4
What is the hundreds digit of 22638?
6
What is the hundred thousands digit of 24045473?
0
What is the tens digit of 1960394?
9
What is the thousands digit of 902274?
2
What is the units digit of 417955?
5
What is the ten thousands digit of 520113?
2
What is the units digit of 1258821?
1
What is the units digit of 433787?
7
What is the tens digit of 21864794?
9
What is the units digit of 4584747?
7
What is the hundreds digit of 3245936?
9
What is the ten thousands digit of 1065168?
6
What is the thousands digit of 611289?
1
What is the hundreds digit of 239969?
9
What is the tens digit of 5454577?
7
What is the units digit of 3361658?
8
What is the ten thousands digit of 81525?
8
What is the hundreds digit of 146051?
0
What is the